ase 15, what is 20 + -c?
13
In base 8, what is 1 + 470?
471
In base 4, what is -3 + 13011?
13002
In base 4, what is -12132 + 3?
-12123
In base 10, what is 26 + 144?
170
In base 11, what is 1 - 24?
-23
In base 16, what is 5 - 46?
-41
In base 7, what is 2 + 644?
646
In base 14, what is 5 - 329?
-324
In base 14, what is 368 - -4?
36c
In base 9, what is -3 + 100?
86
In base 2, what is 1101101 + -1101?
1100000
In base 6, what is 12 + -21521?
-21505
In base 14, what is -3 - -d9?
d6
In base 3, what is 11002011 - -10?
11002021
In base 15, what is 4 - -19?
1d
In base 5, what is 1024 - -10?
1034
In base 13, what is 2 + -300?
-2cb
In base 8, what is -43 + -5?
-50
In base 3, what is 10 - -1212020?
1212100
In base 7, what is 1 + 1041?
1042
In base 8, what is -2 + 134?
132
In base 14, what is -3 - cc?
-d1
In base 12, what is 4b1 + -5?
4a8
In base 6, what is -421 - -122?
-255
In base 9, what is -27 - 1505?
-1533
In base 10, what is 79 + -3?
76
In base 13, what is 3 - 109?
-106
In base 7, what is 245 - 136?
106
In base 12, what is -1652 + 5?
-1649
In base 12, what is 769 + 0?
769
In base 12, what is 16 - -54?
6a
In base 15, what is -5 - 14?
-19
In base 6, what is 1 - 1424?
-1423
In base 8, what is 165 - -3?
170
In base 8, what is -4 + 12412?
12406
In base 2, what is -10110001 + -101?
-10110110
In base 7, what is -1511 + -2?
-1513
In base 9, what is 6344 - -4?
6348
In base 6, what is -420 - 4?
-424
In base 14, what is -5 - b?
-12
In base 7, what is 10534 - 1?
10533
In base 6, what is 22 + 505?
531
In base 9, what is 5 + 1756?
1762
In base 6, what is -10450 + 5?
-10441
In base 8, what is 717 - -5?
724
In base 12, what is 6 - 104?
-ba
In base 15, what is 8 - 16?
-d
In base 2, what is -1011100 - 11?
-1011111
In base 7, what is -6111 + -3?
-6114
In base 16, what is -1840 - 5?
-1845
In base 11, what is -1 - -69?
68
In base 6, what is 34 - -55?
133
In base 5, what is 1 - -4314?
4320
In base 16, what is 1 + -60?
-5f
In base 2, what is -11 + -110?
-1001
In base 3, what is -2 + -2211001?
-2211010
In base 8, what is -6 - 225?
-233
In base 14, what is 33 + 5?
38
In base 7, what is 4 + 60?
64
In base 9, what is 12 - -4370?
4382
In base 7, what is -1502 + -4?
-1506
In base 5, what is 114 - 20?
44
In base 14, what is 1 - -1a9?
1aa
In base 10, what is -27 - 12?
-39
In base 12, what is 5 + -b10?
-b07
In base 12, what is -31 + 3?
-2a
In base 3, what is 1 - 10?
-2
In base 11, what is -7 + 4?
-3
In base 3, what is 1121002122 + -1?
1121002121
In base 5, what is -1 - -24101?
24100
In base 5, what is 3420 - -2?
3422
In base 7, what is 3 + 141?
144
In base 5, what is -1 - 103?
-104
In base 10, what is -61 + 118?
57
In base 16, what is 5 + -295?
-290
In base 2, what is 100 - 101110?
-101010
In base 2, what is -11100101111 + -100?
-11100110011
In base 15, what is 209 + -6?
203
In base 15, what is -c + 13?
6
In base 16, what is 6 - -17?
1d
In base 13, what is 5 + -112?
-10a
In base 7, what is -2413 + -1?
-2414
In base 9, what is -5 + 178?
173
In base 2, what is -1 + 10010101?
10010100
In base 8, what is -70 - 44?
-134
In base 2, what is 100001011010 - 10?
100001011000
In base 14, what is -5 - 66?
-6b
In base 3, what is -10 + -22111?
-22121
In base 7, what is 22 + 5?
30
In base 11, what is 35 + 2?
37
In base 5, what is 1 - -102?
103
In base 12, what is 85 + 0?
85
In base 7, what is -4 + 241?
234
In base 16, what is -70a - 3?
-70d
In base 16, what is -2fe + 5?
-2f9
In base 10, what is -57 + 277?
220
In base 10, what is 40 - -20?
60
In base 6, what is 2011 - -15?
2030
In base 14, what is -19 + -40?
-59
In base 2, what is -11010 + -1100001100?
-1100100110
In base 12, what is 23 + -9?
16
In base 4, what is -10 - 132331?
-133001
In base 10, what is -2 - 76?
-78
In base 9, what is -6 - 60?
-66
In base 9, what is 1288 - -3?
1302
In base 10, what is 452 - -1?
453
In base 6, what is -1515 + -10?
-1525
In base 9, what is 17 - -87?
115
In base 16, what is 4 + -1be?
-1ba
In base 9, what is -10 + -1311?
-1321
In base 4, what is -11 - -1023?
1012
In base 10, what is 0 - 1540?
-1540
In base 10, what is -685 + 4?
-681
In base 7, what is -163415 - 3?
-163421
In base 6, what is -1 + 344?
343
In base 10, what is -1 + 2634?
2633
In base 12, what is 0 - -15a3?
15a3
In base 15, what is -23e + 2?
-23c
In base 11, what is 5 - -29?
33
In base 14, what is -1bcc + 4?
-1bc8
In base 5, what is 3 - -130444?
131002
In base 6, what is 301 + -3?
254
In base 8, what is 10067 + -2?
10065
In base 2, what is 111 - 1101?
-110
In base 2, what is -1 + -110?
-111
In base 7, what is 3 + -321?
-315
In base 11, what is -284 - 3?
-287
In base 5, what is -142 + 31?
-111
In base 2, what is -1110 - -10011?
101
In base 16, what is -7 - 27?
-2e
In base 6, what is 14 + -100?
-42
In base 8, what is -5 + -1153?
-1160
In base 10, what is 34 - 37?
-3
In base 4, what is -11 + 10111?
10100
In base 10, what is 94 - -5?
99
In base 2, what is -100000001011 - 1000?
-100000010011
In base 9, what is 1350 + -3?
1346
In base 5, what is -2 - -14?
12
In base 15, what is 1a8 - -6?
1ae
In base 4, what is 32001 - -1?
32002
In base 4, what is 10 - -202310?
202320
In base 6, what is -2101 - 0?
-2101
In base 8, what is -65 - 2?
-67
In base 15, what is d - a6?
-98
In base 8, what is 1 + 315?
316
In base 2, what is -10101 - 1010110?
-1101011
In base 5, what is -3 - 13?
-21
In base 12, what is -1a39 - 6?
-1a43
In base 13, what is -607 - -3?
-604
In base 15, what is -3 - -72?
6e
In base 10, what is 6 + 5?
11
In base 9, what is 26 - 37?
-11
In base 3, what is -121 + -1?
-122
In base 10, what is 15 - 239?
-224
In base 11, what is 5 + 537?
541
In base 15, what is 0 + 90?
90
In base 8, what is 664 - 13?
651
In base 7, what is -155 - 1?
-156
In base 5, what is -10330 - 1?
-10331
In base 12, what is -2 - -2b3?
2b1
In base 16, what is -3ffd - -3?
-3ffa
In base 7, what is -30003 + -5?
-30011
In base 11, what is 14 + -9a3?
-98a
In base 15, what is -2b + -7a?
-a6
In base 7, what is -2 - 0?
-2
In base 14, what is 6 - -10d?
115
In base 2, what is -101 - 100001000?
-100001101
In base 2, what is -1 + 1101000?
1100111
In base 3, what is 121 + 1011201?
1012022
In base 3, what is -12 + -1211?
-2000
In base 12, what is -aa - -26?
-84
In base 3, what is -101211 - 10?
-101221
In base 15, what is -9 - -c?
3
In base 11, what is -68 + -38?
-a5
In base 16, what is -1 + 567?
566
In base 7, what is 3 - -624?
630
In base 11, what is 3385 - -5?
338a
In base 12, what is -1a68 - 2?
-1a6a
In base 14, what is -8 + 9?
1
In base 12, what is -1 + -7b?
-80
In base 13, what is -19 + -b4?
-100
In base 8, what is 14 - -30?
44
In base 10, what is 210 + 1?
211
In base 6, what is -5 + -3340?
-3345
In base 16, what is -1 + 1b?
1a
In base 16, what is -14 - 3?
-17
In base 4, what is 0 + -2002?
-2002
In base 6, what is -4255 - -4?
-4251
In base 12, what is 17 - -7?
22
In base 5, what is -34 - -4333?
4244
In base 10, what is -5 + -375?
-380
In base 11, what is -142 - 5?
-147
In base 14, what is 1251 - 0?
1251
In base 11, what is -4 + 14?
10
In base 12, what is 349 - -2?
34b
In base 2, what is -100 - 1000011000?
-1000011100
In base 4, what is 2112 + -1020?
1032
In base 16, what is af + -5?
aa
In base 8, what is 6 - -5?
13
In base 16, what is -5 - 1e?
-23
In base 7, what is -505 - -3?
-502
In base 10, what is -40 + -2?
-42
In base 16, what is -28a + -6?
-290
In base 11, what is -4 - 12?
-16
In base 7, what is 13 - -42?
55
In base 7, what is 2 + 602?
604
In base 16, what is -4 + 6a?
66
In base 9, what is 32313 + 5?
32318
In base 5, what is -1 - -431?
430
In base 12, what is 3a19 - -1?
3a1a
In base 15, what is 926 + -5?
921
In base 2, what is 10011 - -110100?
1000111
In base 4, what is -1 + -11222?
-11223
In base 11, what is -3 - -152?
14a
In base 4, what is -223 + 13?
-210
In base 8, what is -270 - 6?
-276
In base 5, what is 1 - -10030?
10031
In base 4, what is -103 - 3100?
-3203
In base 13, what is 1 + -5b?
-5a
In base 13, what is -c34 + 5?
-c2c
In base 10, what is 7700 + -3?
7697
In base 14, what is 0 - -1b2?
1b2
In base 16, what is -5 + -4f7?
-4fc
In base 6, what is -3 + -2440?
-2443
In base 4, what is 10223 + 2?
10231
In base 12, what is -a + 9?
-1
In base 13, what is 2a + 4?
31
In base 12, what is 15 + -2?
13
In base 16, what is b17 - 2?
b15
In base 11, what is 183 - 66?
118
In base 10, what is 5 + 11